3*k + 17 = p - 6*k. Calculate the remainder when p is divided by 9.
2
Let b(m) = 4*m - 1 - 2*m - m. What is the remainder when 2 is divided by b(2)?
0
Let h = 2 - -9. What is the remainder when h is divided by 7?
4
Let f = 2 - 0. Suppose 0 = 6*t - 2*t, -f*j = -t - 34. Calculate the remainder when 50 is divided by j.
16
Let w(d) = -13*d + 2. Calculate the remainder when w(-4) is divided by 14.
12
Suppose -10 + 76 = 3*m. Let x = 28 + -42. Let k = m + x. What is the remainder when 14 is divided by k?
6
Let p = 49 - 33. What is the remainder when 28 is divided by p?
12
Calculate the remainder when 50 - (4 - 4)/(-5) is divided by 13.
11
Let b = -23 - -51. Suppose -2*c + b + 16 = 0. Calculate the remainder when 85 is divided by c.
19
What is the remainder when 21 is divided by 192/33 + (-6)/(-33)?
3
Suppose -128 = -0*b - 4*b. Let l = 22 - b. Calculate the remainder when 10 is divided by 2/((-4)/l) - 1.
2
Suppose -16 = -2*k + 3*v, -2 = 3*k - 0*v + 2*v. Suppose 5*w - 52 = -k*s, -s - 6 = 4*w - 38. What is the remainder when 47 is divided by s?
15
Let b = -44 - -141. Calculate the remainder when b is divided by 33.
31
Let u(w) = -w + 2. Let k be u(9). What is the remainder when 4 is divided by k/(-1)*(-6)/(-21)?
0
Suppose -3*q - 2*q = -30. Let j(o) = o - 2. Let y be j(4). Suppose 0 = y*d - v - 32, -5*d + 80 = 3*v + 2*v. What is the remainder when d is divided by q?
4
Suppose 13*k - 334 = 160. Calculate the remainder when 148 is divided by k.
34
Let c = -6 - -11. Suppose -3*u = c*p - 137, -u + 29 = p - 0*p. What is the remainder when p is divided by -1 + (13 - -1)/1?
12
Let f(b) = b**3 - 3*b**2 - 5*b - 7. Let q be (-98)/(-10) + (-14)/(-70). Calculate the remainder when f(5) is divided by -3*(q/(-6))/1.
3
Let l(s) = 4*s - 17. Calculate the remainder when 44 is divided by l(8).
14
Let u(o) = 29*o**2 + 3*o - 2. What is the remainder when u(1) is divided by 18?
12
Let l(a) = -a**3 - 5*a**2 - 4*a + 7. Let g(t) = 3*t**3 + t**2 - 3*t + 2. Let z be g(2). Let s = -10 + z. Calculate the remainder when l(-5) is divided by s.
13
Suppose -205 = -0*y - 5*y. Let q(h) = h**2 + h - 3. Let r be q(-3). Suppose 73 = r*n - y. What is the remainder when n is divided by 13?
12
Let s(j) = 11*j**2 + 7*j + 2. Calculate the remainder when s(-3) is divided by 23.
11
Let g be (-4)/(-10) - (-6)/10. Suppose -4*a + 3*x + 19 = 0, g = x - 2. Calculate the remainder when 12 is divided by a.
5
Let h(s) = 15*s - 2. Calculate the remainder when h(3) is divided by 9.
7
Suppose -4*d + 34 = 2*g, -4*g = 4*d - 0*d - 68. Calculate the remainder when g is divided by 11.
6
Let r = 14 + 18. What is the remainder when r is divided by 18?
14
Let p(m) = m**2 + 3*m + 7. What is the remainder when p(-7) is divided by 9?
8
Let s(w) = w + 2. Let t be s(4). Let z(u) = -u**3 + 10*u**2 - 6*u - 3. What is the remainder when z(t) is divided by 27?
24
Suppose -2*n = -v + 5*v - 42, -3*v = 2*n - 29. Calculate the remainder when 23 is divided by v.
10
Suppose 3*n + 2*n - 10 = 0. Suppose -p + 3*w + 5 = 0, 0 = 2*p - n*w - 0*w - 6. Let x(m) = -m**2 - 7*m + 9. Calculate the remainder when p is divided by x(-8).
0
Let x(z) = z**3 + 21*z**2 - 24*z - 30. What is the remainder when 41 is divided by x(-22)?
13
What is the remainder when (3 - (4 - 2))/(7/343) is divided by 10?
9
Let x(s) = s**3 + 7*s**2 - s - 4. Let i be x(-6). Let l be 6/(-9) - (-11)/3. Suppose 0 = p, -z = p + l*p - i. What is the remainder when z is divided by 13?
12
Let c(n) = -4*n - 2. Let s be c(-2). Let d = s + -5. Calculate the remainder when 2 is divided by d.
0
Let r = -5 + 9. Suppose 7 = r*j - 17. Suppose 3*i + 59 = 4*g, -5*g + i = -16 - 66. Calculate the remainder when g is divided by j.
5
Let d be (-45)/10 - (-2)/4. Calculate the remainder when ((-20)/30)/(d/354) is divided by 15.
14
Let f = 13 + 22. Let s(y) = -y + 16. Calculate the remainder when f is divided by s(4).
11
Let h(w) = w**3 + 9*w**2 + 6*w + 4. Let i be h(-8). Let f = i + -12. What is the remainder when f is divided by 3?
2
Suppose -8*g + 12*g - 772 = 0. What is the remainder when g is divided by 39?
37
Let q(f) = 23*f**2 - f. Calculate the remainder when q(-2) is divided by 12.
10
Let z(i) be the third derivative of i**4/12 - 3*i**3/2 + i**2. What is the remainder when 5 is divided by z(6)?
2
Let k(n) = n**2 - 4*n - 18. What is the remainder when 53 is divided by k(9)?
26
Let r(z) = 3*z + 2. Suppose 0 = -5*q + 5*p + 45, -39 = -4*q + 3*p - 8. Suppose 0 = -g + 12 - q. Calculate the remainder when r(9) is divided by g.
5
Let t = 117 + -115. Calculate the remainder when t is divided by ((-1)/(-2))/(3/6).
0
Suppose -7 = -3*l + 4*w, -4*w - 28 + 9 = l. What is the remainder when 2/l*186/(-4) is divided by 11?
9
Let d be (-2)/11 + (-24)/(-11). Let o(i) = -i**3 + 7*i**2 - 4*i - 3. Calculate the remainder when 0 - ((d - 5) + -13) is divided by o(6).
7
Let m(y) = -8*y - 11. Let d = -13 + 4. What is the remainder when m(d) is divided by 16?
13
Suppose 50*x - 39 = 47*x. Calculate the remainder when x is divided by 3.
1
Suppose -4*u + 9*u = 35. Suppose -2*s + 56 - 16 = 0. Calculate the remainder when s is divided by u.
6
Let g(l) = 3*l + 1. Let m be g(1). Suppose 2*z - 3*z + 2 = 0. Suppose t - 16 = -m*i, i + 26 = z*t + 3*i. Calculate the remainder when 35 is divided by t.
11
Suppose -3*b + b + 76 = 0. Calculate the remainder when b is divided by 14.
10
Suppose -q + 16 = -29. Suppose -2*p - 11 = -q. What is the remainder when 49 is divided by p?
15
Let n = -39 + 88. Calculate the remainder when n is divided by 13.
10
Let v(g) = -g**3 - 4*g + 2*g**3 - 13 + 14 + 3*g**2. What is the remainder when v(-3) is divided by 5?
3
Let u = -30 + 10. Let k = 45 + u. Calculate the remainder when 48 is divided by k.
23
Suppose 3*p = 58 - 7. Let n = -32 + 37. Suppose -n*z + 3*q = -q - 17, z - 13 = -4*q. Calculate the remainder when p is divided by z.
2
Suppose 36 = 6*b - 30. What is the remainder when b is divided by 3?
2
Let w(x) = -4*x**2 + x**3 + 1 + 4*x - x**2 + 2*x**2. What is the remainder when w(4) is divided by 17?
16
Let a = 2 - -11. Calculate the remainder when 25 is divided by a.
12
Suppose 2*g + 29 = 3. Let m = g + 39. Let x(c) = 2*c**2 + c - 6. What is the remainder when m is divided by x(-3)?
8
Let g(c) = -5*c**2 + c - 1. Let k be g(1). Let y = k + 18. What is the remainder when 49 is divided by y?
10
Suppose -68 - 117 = -5*m - 5*a, 148 = 4*m - 4*a. Let c(f) = -f + 10. Calculate the remainder when m is divided by c(0).
7
Let h be (-2)/4 + 25/10. Suppose 4*t - h = 6. Suppose t*n - 52 = -0. Calculate the remainder when n is divided by 9.
8
Let y be -76 - 6*3/(-6). Suppose 28 = 4*h - 3*h + 5*k, -2*k + 1 = -3*h. Calculate the remainder when (-4)/(-7) + y/(-7) is divided by h.
2
Let x = 17 - 3. Calculate the remainder when 4/6 - (-968)/24 is divided by x.
13
Let h(r) = 2*r**2 - r. Let p = 14 - 13. What is the remainder when 2 is divided by h(p)?
0
Let m(r) = -4*r + 12. Let z be m(10). Calculate the remainder when 2 - 5 - (0 + z) is divided by 14.
11
Let t(w) = w**2 - 5*w + 26. Calculate the remainder when t(13) is divided by 19.
16
Suppose 17 = 2*r - 47. Let j(y) = -5*y - 2 + 1 + 3. What is the remainder when r is divided by j(-3)?
15
Let p = -4 + 9. Suppose 5*d + 0*u = 2*u + 91, 5*u = 5*d - 100. What is the remainder when d is divided by p?
2
Let t(b) = 8*b + 1. Calculate the remainder when 48 is divided by t(2).
14
Let a be (-3 - 38/(-10))*-35. Let u = 64 + a. Calculate the remainder when u is divided by 13.
10
Let q = 205 - 37. Calculate the remainder when q is divided by 34.
32
What is the remainder when ((-6)/(-2))/(5/35) is divided by 13?
8
Let r be (-4)/(-3)*3/2. Suppose -9 = -r*x - 3. What is the remainder when x is divided by 1?
0
Let a(u) = 2*u**2 - 3*u + 6. Suppose 0 = -3*b - b. What is the remainder when a(-2) is divided by b + 1 + 2*3?
6
Suppose -a + 4*u = -3*a + 60, 10 = a - 3*u. Calculate the remainder when 41 is divided by a.
19
What is the remainder when 14 is divided by (6/(-4))/(27/(-90))?
4
Suppose -8 = 2*d + 2. Let z(k) = -4*k - 9. Calculate the remainder when 19 is divided by z(d).
8
Let k be (-2 + 2)/(2*-1). Suppose -s + k*s + 21 = 0. What is the remainder when s is divided by 11?
10
Suppose -86 = -2*i + 3*g, -3*i = -8*i - 5*g + 165. Calculate the remainder when i is divided by